e i(-11).
-16
Let k(n) = -n**3 - 48*n**2 - 44*n + 139. What is k(-47)?
-2
Let c(q) = 365*q - 5118. Determine c(14).
-8
Let h(i) = -456*i + 5919. Give h(13).
-9
Let u(v) = 9*v**2 + 147*v + 86. Determine u(-14).
-208
Let n(k) = -27*k + 144. Determine n(10).
-126
Let g(w) = w**2 - 29*w + 127. Determine g(25).
27
Let p(w) = -w**2 - 84*w - 978. What is p(-13)?
-55
Let z(y) = 121*y - 47. Calculate z(1).
74
Let v(a) = 42*a + 893. Give v(-21).
11
Let z(h) = 15*h**3 - 106*h**2 + 7*h - 9. Calculate z(7).
-9
Let p(w) = 7*w - 16. What is p(-5)?
-51
Let o(y) = 17*y + 41. What is o(-6)?
-61
Let j(r) = -r**3 - 256*r**2 - r - 258. Give j(-256).
-2
Let f(s) = -51*s - 1524. Give f(-30).
6
Let x(c) = 2*c**2 - 69*c + 490. Calculate x(24).
-14
Let j(f) = 3*f**3 - 9*f**2 + 3*f + 5. Calculate j(3).
14
Let v(f) = 3*f**3 + 6*f**2 - 7*f - 4. Calculate v(-4).
-72
Let j(v) = 2*v**2 + 22*v + 114. Calculate j(-6).
54
Let p(g) = -2*g**2 - 29*g + 227. Give p(5).
32
Let d(u) = -3*u**3 - 634*u**2 - 228*u - 3600. What is d(-211)?
-13
Let h(d) = 33*d - 1750. What is h(53)?
-1
Let a(m) = -4*m**3 - 338*m**2 + 521*m + 447. Calculate a(-86).
17
Let p(i) = i**3 + 3*i**2 + 10*i + 28. What is p(-6)?
-140
Let c(a) = 12*a**3 + 7*a**2 - 5*a - 22. Calculate c(2).
92
Let x(t) = 12*t**3 - 4*t**2 - 2*t - 18. What is x(-3)?
-372
Let u(f) = 87*f + 379. Calculate u(-5).
-56
Let q(u) = 3*u**2 - 1291*u - 7859. Give q(-6).
-5
Let t(k) = 188*k - 1724. Give t(9).
-32
Let p(r) = r**3 + 2*r**2 - 111*r + 11. Calculate p(10).
101
Let b(s) = 4*s**3 - 13*s - 10. Calculate b(-5).
-445
Let s(q) = -245*q - 19836. Determine s(-81).
9
Let s(x) = -x**3 - 68*x**2 - 132*x + 6. Calculate s(-66).
6
Let v(w) = 43*w - 204. Give v(5).
11
Let m(t) = t**2 + 1026*t - 11397. Give m(11).
10
Let c(g) = 13*g**2 + 327*g + 30. What is c(-25)?
-20
Let v(h) = h**3 + 9*h**2 + 30*h + 4. Determine v(-5).
-46
Let p(d) = -4*d**3 + 16*d**2 - 14*d + 2. What is p(1)?
0
Let w(q) = 1189*q + 3561. Give w(-3).
-6
Let s(q) = -3*q**3 + 33*q**2 - 79*q - 27. What is s(7)?
8
Let m(a) = -58*a**2 - 638*a + 8. Calculate m(-11).
8
Let y(f) = -2*f**2 - 146*f + 455. Give y(-74).
307
Let c(p) = 51*p - 327. Calculate c(6).
-21
Let b(v) = -v**3 - 8*v**2 + 14*v - 56. Give b(-11).
153
Let a(f) = -15*f + 1823. Give a(121).
8
Let d(x) = -908*x**3 - x**2 + 14*x + 14. Calculate d(-1).
907
Let s(u) = 6*u**3 + 7*u**2 + 13*u - 18. Determine s(1).
8
Let x(t) = t**3 + 8*t**2 + 13*t + 3. Determine x(-6).
-3
Let k(r) = -20*r**2 + 75*r - 157. What is k(2)?
-87
Let i(p) = -3*p**3 - 73*p**2 - 28*p - 94. Give i(-24).
2
Let d(p) = -14*p + 31. Calculate d(-6).
115
Let r(k) = -115*k - 2162. Calculate r(-22).
368
Let y(a) = -2*a**2 + 48*a - 78. Calculate y(22).
10
Let d(p) = 107*p - 1236. Determine d(16).
476
Let m(u) = u**2 + 29*u - 26. Give m(-13).
-234
Let r(y) = -80*y + 1272. Determine r(16).
-8
Let f(v) = v - 93. What is f(0)?
-93
Let s(f) = 28*f + 101. Determine s(-8).
-123
Let d(n) = -694*n - 11800. What is d(-17)?
-2
Let y(x) = 20*x**2 + 120*x - 32. Calculate y(-6).
-32
Let i(h) = -1366*h + 40978. What is i(30)?
-2
Let q(g) = -8*g - 38. Determine q(4).
-70
Let q(b) = b**3 + 133*b**2 - 549*b - 135. What is q(-137)?
2
Let n(k) = 10*k**3 + 441*k**2 + 43*k - 29. Give n(-44).
15
Let j(x) = 2*x**3 + 9*x**2 + 58*x + 311. What is j(-5)?
-4
Let h(z) = z**3 - 235*z**2 + 12817*z - 456. Calculate h(149).
-9
Let a(v) = 46*v + 30. Determine a(-5).
-200
Let a(t) = -8*t**2 - 29*t + 31. Determine a(1).
-6
Let f(o) = o**2 - 13*o + 42. What is f(6)?
0
Let o(k) = -k**3 - 18*k**2 - 92*k - 93. What is o(-7)?
12
Let k(i) = 8*i + 9. Determine k(0).
9
Let r(o) = -11*o**2 + 208*o + 43. Determine r(14).
799
Let o(x) = 52*x + 349. Give o(0).
349
Let s(k) = k**2 - 29*k + 174. What is s(32)?
270
Let v(f) = f**2 + 16*f + 35. Calculate v(-6).
-25
Let w(p) = p**2 + 31*p + 235. Calculate w(-15).
-5
Let g(a) = a**2 - 6*a - 88. Calculate g(-8).
24
Let h(c) = 2*c**2 - 5*c - 1235. What is h(-24)?
37
Let d(g) = 7*g**2 + 2*g + 51. What is d(0)?
51
Let d(k) = k**2 - 64*k + 349. Determine d(7).
-50
Let a(p) = 283*p + 445. Determine a(-1).
162
Let w(h) = 9*h**2 - 80*h - 107. Calculate w(10).
-7
Let n(d) = -d**2 + 35*d + 74. Determine n(-2).
0
Let x(l) = -80*l - 6175. What is x(-77)?
-15
Let a(v) = -59*v - 686. Give a(-9).
-155
Let t(f) = 17*f - 194. Calculate t(6).
-92
Let h(n) = -n**3 - 85*n**2 - 63*n + 1766. Determine h(-84).
2
Let o(w) = -30*w - 413. Determine o(-18).
127
Let j(t) = -2*t**3 - 490*t**2 - 950*t + 5348. Determine j(-243).
2
Let t(w) = -w**3 + 13*w**2 + 291*w - 3881. Determine t(14).
-3
Let x(a) = a**2 - 47*a + 556. Calculate x(19).
24
Let c(r) = -r**2 + 11*r + 55. Give c(14).
13
Let k(c) = 2*c**3 - 4*c**2 - 7*c - 6. Give k(4).
30
Let x(s) = -2*s**2 + 78*s - 571. Calculate x(22).
177
Let m(y) = -4*y**3 + 10*y**2 - 49*y + 55. What is m(2)?
-35
Let b(l) = -11*l**3 - 32*l + 33. What is b(1)?
-10
Let r(v) = -v**2 + 74*v + 20. Determine r(77).
-211
Let m(y) = -y**3 + 27*y**2 - 6*y - 544. What is m(26)?
-24
Let y(a) = 139*a + 3792. Give y(-27).
39
Let w(g) = -1204*g - 38523. Give w(-32).
5
Let f(b) = 155*b + 530. Calculate f(-4).
-90
Let s(d) = -2*d**2 - 808*d - 3992. Calculate s(-5).
-2
Let i(g) = 213*g - 13159. Determine i(62).
47
Let f(q) = -q**2 + 7*q - 80. Determine f(19).
-308
Let g(p) = p**3 + 78*p**2 - 63*p - 10781. Determine g(-77).
-1
Let v(k) = -k**3 + 83*k**2 - 73*k - 753. Determine v(82).
-15
Let r(h) = -3*h**3 - 1735*h**2 - 472*h + 61275. Give r(-578).
7
Let l(v) = v**3 + 83*v**2 - 4595*v - 146. Give l(38).
-32
Let l(h) = 8*h**2 + 124*h + 126. Determine l(-14).
-42
Let o(m) = 5*m**2 - 452*m - 450. What is o(-1)?
7
Let r(w) = 4*w**2 + 28*w - 180. Calculate r(6).
132
Let q(p) = 4*p**3 - 25*p**2 - 8*p - 8. Determine q(7).
83
Let d(k) = -k**2 + 418*k - 28064. What is d(84)?
-8
Let m(i) = -3*i**2 + 64*i + 38. Give m(22).
-6
Let j(s) = -2*s**3 - 19*s**2 + 4*s - 30. Give j(-10).
30
Let q(z) = 6*z**2 - 120*z + 16. Determine q(20).
16
Let v(y) = -y**3 - 4*y**2 + 44*y + 90. What is v(-4)?
-86
Let b(d) = 136*d - 393. Calculate b(3).
15
Let y(i) = 21*i + 1373. Determine y(-53).
260
Let u(z) = 114*z**3 + 12*z**2 - 20*z + 10. Determine u(1).
116
Let x(d) = d**3 - 23*d - 50. What is x(-2)?
-12
Let t(h) = 715*h - 2130. What is t(3)?
15
Let m(q) = -152*q + 577. Calculate m(4).
-31
Let k(f) = 266*f + 18. Determine k(0).
18
Let a(w) = w**3 - 21*w**2 + 86*w - 105. What is a(16)?
-9
Let c(x) = 413*x + 3316. Calculate c(-8).
12
Let w(u) = -u**3 + 133*u**2 - 260*u - 5. Calculate w(2).
-1
Let f(t) = 2*t**2 - 55*t + 38. Calculate f(25).
-87
Let d(p) = p**3 - 12*p**2 + 19*p - 4. Calculate d(11).
84
Let g(q) = -6*q**2 + 12*q - 62. Give g(5).
-152
Let d(m) = m**3 + 4*m**2 + 9*m - 30. Give d(-6).
-156
Let j(p) = p**3 - 22*p**2 + 38*p + 2. Give j(20).
-38
Let c(l) = -l**2 + 55*l + 14748. What is c(-97)?
4
Let w(u) = -3*u**3 + 8*u**2 - 58*u + 118. Calculate w(2).
10
Let s(l) = 486*l + 3341. Determine s(-6).
425
Let j(m) = -21*m - 15. What is j(2)?
-57
Let o(h) = -h**3 - 57*h**2 + 119*h + 58. What is o(-59)?
-1
Let g(n) = 6*n**2 + 565*n + 202. What is g(-93)?
-449
Let y(k) = 63*k + 927. Determine y(-6).
549
Let x(m) = -9*m**2 - 178*m + 50. Give x(-23).
-617
Let u(m) = -2*m + 10. Calculate u(-10).
30
Let p(u) = -13*u + 788. Calculate p(72).
-148
Let m(y) = 368*y - 14738. Determine m(40).
-18
Let w(b) = 10862*b - 76038. Determine w(7).
-4
Let j(n) = 2*n**3 - 41*n**2 - 47*n - 427. Give j(22).
-9
Let t(h) = 31*h - 468. Calculate t(15).
-3
Let p(w) = -2*w**3 - 10*w**2 - 6*w - 17. Determine p(-6).
91
Let p(l) = -l**2 + 117*l + 1421. What is p(-11)?
13
Let k(x) = -13*x - 83. Give k(-4).
-31
Let x(s) = 2*s**2 + 46*s + 394. Give x(-15).
154
Let a(u) = 3*u**2 + 267*u + 2367. Determine a(-79).
-3
Let j(m) = 190*m - 194. Determine j(1).
-4
Let b(t) = t**3 + 5*t**2 - 512*t - 3033. Give b(-6).
3
Let t(q) = -q**3 - 22*q**2 - 120*q. Calculate t(-12).
0
Let r(o) = 15*o**2 + 2*o - 47. What is r(-4)?
185
Let i(z) = -z**2 - 18*z - 106. Determine i(-5).
-41
Let o(k) = 32*k**2 - 110*k + 218. Calculate o(2).
126
Let o(c) = 109*c + 8293. Calculate o(-76).
9
Let g(a) = -a**3 - 30*a**2 + 46*a - 414. Give g(-32).
162
Let x(b) = b**3 - 86*b**2 - 268*b + 108. Give x(89).
19
Let h(i) = -56*i**2 + 444*i + 28. What is h(8)?
-4
Let g(m) = 108*m*